?
True
Is 73550627 a composite number?
False
Is 260951485 prime?
False
Is 9333462597 composite?
True
Is 29341027147 a composite number?
False
Is 364150723 a composite number?
True
Is 604820149 prime?
True
Is 529816823 a composite number?
False
Is 7495377319 composite?
True
Is 222939545 composite?
True
Is 13917662653 prime?
True
Is 21003043739 a composite number?
True
Is 2037806521 a prime number?
True
Is 3217358567 a composite number?
False
Is 2481087473 a prime number?
True
Is 21701260369 a composite number?
True
Is 154171733 a prime number?
True
Is 5870919803 prime?
False
Is 22013256119 a composite number?
True
Is 365382233 composite?
False
Is 12111044857 a prime number?
False
Is 12996077401 a prime number?
True
Is 15483067469 a composite number?
False
Is 15357555583 prime?
True
Is 497967101 a composite number?
True
Is 653398547 prime?
True
Is 6626527459 a prime number?
True
Is 14606733347 prime?
True
Is 30310394353 prime?
False
Is 16416730415 a prime number?
False
Is 41393288947 a composite number?
True
Is 309861071 a composite number?
True
Is 2513187959 composite?
True
Is 24698036449 a prime number?
True
Is 124872455753 composite?
False
Is 8396714959 composite?
True
Is 4189067927 a prime number?
False
Is 224552579227 a prime number?
True
Is 66748226543 composite?
False
Is 56841529 a composite number?
False
Is 180501805513 a composite number?
True
Is 468013739 prime?
True
Is 304913543441 a composite number?
True
Is 1472992135 a prime number?
False
Is 10566324149 a prime number?
True
Is 3094446349 a composite number?
False
Is 5359291774 a prime number?
False
Is 665723035 a composite number?
True
Is 35721458173 a composite number?
False
Is 249869206 composite?
True
Is 147613434373 prime?
False
Is 33420355343 prime?
False
Is 779073149 a prime number?
False
Is 1812802597 a composite number?
True
Is 202455001 composite?
True
Is 18156599 a composite number?
False
Is 1188745951 a prime number?
True
Is 7258878587 prime?
False
Is 13139297123 composite?
False
Is 1090604483 a composite number?
False
Is 607807427 a composite number?
True
Is 81103611107 a composite number?
False
Is 677050697 prime?
True
Is 21112959031 composite?
False
Is 27458842171 prime?
False
Is 105408227 a composite number?
True
Is 1779908129 prime?
True
Is 14441865199 a prime number?
False
Is 4110115979 a composite number?
True
Is 9430029167 composite?
True
Is 12725013137 prime?
True
Is 8725085249 a composite number?
False
Is 2093741854 a prime number?
False
Is 47229049 composite?
True
Is 7732579639 a prime number?
True
Is 28560260843 a composite number?
True
Is 4773623441 prime?
False
Is 62467334021 prime?
False
Is 9572076983 prime?
False
Is 595687907 prime?
True
Is 33796082519 composite?
True
Is 3478330637 prime?
True
Is 11152792423 a composite number?
True
Is 18077143361 a prime number?
False
Is 69338369 a prime number?
True
Is 100839959 prime?
False
Is 679529293 prime?
True
Is 3836297981 a composite number?
False
Is 76484297 a composite number?
False
Is 104707259 prime?
False
Is 1014891481 a composite number?
False
Is 11886016987 a prime number?
False
Is 142429939 a prime number?
True
Is 10553848303 a prime number?
True
Is 512757731571 a composite number?
True
Is 613630883 composite?
False
Is 246930947 a composite number?
False
Is 1125401779 a prime number?
True
Is 3067107577 a prime number?
True
Is 2404984037 a prime number?
True
Is 58020745439 composite?
False
Is 155144331241 a composite number?
True
Is 542886697 composite?
False
Is 24974615069 composite?
True
Is 77780617 a prime number?
False
Is 1174021657 composite?
False
Is 19094440553 composite?
False
Is 4423079343 prime?
False
Is 598297927 a composite number?
True
Is 30841969 composite?
False
Is 2986732339 composite?
False
Is 12175470869 composite?
False
Is 14844614401 a prime number?
True
Is 655023547 prime?
False
Is 1763116877 a prime number?
True
Is 10158143843 a composite number?
True
Is 159463631 a composite number?
False
Is 6686291167 prime?
False
Is 82524357361 a prime number?
True
Is 22017523069 prime?
False
Is 11646227183 a composite number?
False
Is 1174565773 a prime number?
True
Is 68348171 a composite number?
False
Is 53673266849 prime?
False
Is 19579211987 a composite number?
True
Is 45538657 prime?
True
Is 516972343 prime?
False
Is 1307456567 composite?
False
Is 43064503 a prime number?
True
Is 16173626065 a prime number?
False
Is 2941572787 prime?
False
Is 656918051 a composite number?
True
Is 1438222889 a prime number?
False
Is 5850048899 prime?
True
Is 2570445667 composite?
True
Is 1609197167 a composite number?
True
Is 1312948937 prime?
True
Is 6991820447 composite?
False
Is 8599652197 composite?
False
Is 4729786549 prime?
False
Is 9607908259 a composite number?
True
Is 10094739313 composite?
False
Is 1153633633 composite?
False
Is 12344995379 prime?
True
Is 1616314201 prime?
False
Is 10071771487 prime?
False
Is 46641994673 composite?
True
Is 15781067573 prime?
False
Is 61942410329 prime?
False
Is 1589454161 a composite number?
True
Is 260583984113 prime?
False
Is 418795961 composite?
True
Is 6236171437 a composite number?
True
Is 12159769867 a composite number?
True
Is 6938418631 composite?
False
Is 389839507 a composite number?
False
Is 4201445033 a composite number?
False
Is 83352739 composite?
True
Is 204705020999 composite?
False
Is 108620373397 composite?
False
Is 161713781 prime?
True
Is 875247223 a prime number?
False
Is 10573405369 a composite number?
False
Is 6339430121 a composite number?
True
Is 45367511061 a composite number?
True
Is 1932536167 a prime number?
True
Is 76973131 composite?
False
Is 83009969609 a composite number?
True
Is 141855185 a composite number?
True
Is 331650252629 prime?
True
Is 2646088187 a composite number?
False
Is 63707596357 a prime number?
True
Is 90186536939 a prime number?
True
Is 295768357 a composite number?
True
Is 8021348329 composite?
True
Is 1799111549 composite?
False
Is 647530855 a prime number?
False
Is 106754436557 prime?
True
Is 358880077 composite?
False
Is 14368312922 composite?
True
Is 1352061971 a composite number?
True
Is 3000001593 a composite number?
True
Is 411254567 composite?
False
Is 146817465037 a prime number?
False
Is 61568655578 prime?
False
Is 10466216623 composite?
False
Is 78397751109 a composite number?
True
Is 2594136907 a composite number?
False
Is 37200273061 composite?
True
Is 999597971 a prime number?
True
Is 2341906783 prime?
False
Is 16451923819 a prime number?
True
Is 1030272079 a prime number?
False
Is 21398835209 composite?
True
Is 28752296873 prime?
False
Is 1424460833 composite?
False
Is 632613257 prime?
True
Is 279875100091 a prime number?
False
Is 321805423 prime?
True
Is 5517081409 composite?
True
Is 7875458609 composite?
False
Is 94035061 prime?
True
Is 2114287271 a composite number?
False
Is 2831933417 prime?
False
Is 18712607687 prime?
True
Is 7452951797 prime?
True
Is 11524645753 a prime number?
False
Is 64565201837 prime?
True
Is 3456514009 prime?
False
Is 4310975479 a prime number?
False
Is 570324067 prime?
False
Is 7314066563 composite?
False
Is 7493559779 a composite number?
True
Is 16047776531 composite?
False
Is 407535901 composite?
False
Is 22205756873 prime?
False
Is 671018197 composite?
False
Is 10035730931 composite?
False
Is 29859056683 composite?
True
Is 3504871003 prime?
True
Is 11349558901 composite?
False
Is 1211497429 composite?
True
Is 20874331 composite?
True
Is 707481947 prime?
True
Is 9034100021 composite?
False
Is 262284773 a composite number?
False
Is 743540513 composite?
True
Is 12090197009 a composite number?
True
Is 7219210879 prime?
True
Is 99689039137 a prime number?
True
Is 2148496219 prime?
True
Is 7256315537 a prime number?
False
Is 7182534253 prime?
False
Is 2459748293 a prime number?
False
Is 343830997 a prime number?
True
Is 1897832113 prime?
True
Is 819202829 composite?
True
Is 27149952829 a composite number?
False
Is 45360564101 prime?
True
Is 2422616627 composite?
False
Is 101461080269 composite?
False
Is 1228043851 a prime number?
True
Is 119295297833 a prime number?
True
Is 18579489529 a prime number?
True
Is 5128162733 a composite number?
False
Is 12033873653 a prime number?
True
Is 997923617 a composite number?
False
Is 6564994867 composite?
True
Is 34525858123 prime?